se 14
-18
What is -11 (base 2) in base 6?
-3
What is -11 (base 5) in base 7?
-6
-32 (base 11) to base 6
-55
What is 22 (base 9) in base 5?
40
What is -2 (base 9) in base 12?
-2
Convert -12 (base 12) to base 10.
-14
Convert -13 (base 9) to base 8.
-14
Convert -7 (base 12) to base 4.
-13
16 (base 9) to base 4
33
2 (base 15) to base 8
2
What is 1 (base 10) in base 13?
1
What is 27 (base 14) in base 7?
50
What is -1101 (base 2) in base 13?
-10
147 (base 16) to base 9
403
Convert -b (base 15) to base 4.
-23
0 (base 16) to base 3
0
Convert 210 (base 5) to base 6.
131
-1 (base 15) to base 10
-1
What is 303 (base 6) in base 15?
76
11110 (base 4) to base 15
17a
-20 (base 14) to base 4
-130
Convert -3 (base 4) to base 10.
-3
Convert 6 (base 9) to base 12.
6
What is 53 (base 8) in base 14?
31
What is -52 (base 15) in base 7?
-140
What is -27 (base 15) in base 11?
-34
-4 (base 11) to base 8
-4
What is 101 (base 2) in base 3?
12
Convert -30 (base 9) to base 10.
-27
-41 (base 8) to base 16
-21
What is 25 (base 12) in base 13?
23
Convert -4 (base 14) to base 16.
-4
-4 (base 13) to base 2
-100
Convert -14 (base 15) to base 9.
-21
Convert -6 (base 16) to base 12.
-6
Convert -1c (base 15) to base 2.
-11011
Convert 14 (base 5) to base 7.
12
Convert -1011 (base 2) to base 11.
-10
What is -323 (base 6) in base 12?
-a3
Convert 50 (base 14) to base 9.
77
Convert -5 (base 9) to base 5.
-10
Convert -25 (base 7) to base 2.
-10011
-5 (base 15) to base 14
-5
What is 122 (base 12) in base 8?
252
-132 (base 6) to base 2
-111000
Convert 14 (base 12) to base 15.
11
What is -2 (base 11) in base 6?
-2
What is 2202 (base 3) in base 6?
202
Convert 2 (base 7) to base 10.
2
What is -45 (base 12) in base 16?
-35
Convert 7 (base 12) to base 6.
11
What is 8 (base 16) in base 5?
13
Convert 32 (base 6) to base 16.
14
-26 (base 11) to base 3
-1001
-2 (base 16) to base 8
-2
Convert -201 (base 3) to base 6.
-31
What is -37 (base 11) in base 16?
-28
What is 93 (base 14) in base 4?
2001
Convert 0 (base 2) to base 5.
0
Convert -75 (base 14) to base 3.
-10211
What is -3 (base 7) in base 16?
-3
Convert 44 (base 10) to base 9.
48
Convert -4 (base 6) to base 9.
-4
What is -21 (base 3) in base 16?
-7
What is -10 (base 7) in base 14?
-7
-1 (base 13) to base 15
-1
What is 0 (base 16) in base 11?
0
Convert -5 (base 8) to base 2.
-101
8 (base 16) to base 2
1000
Convert 46 (base 12) to base 15.
39
What is -1110 (base 2) in base 13?
-11
Convert 1103 (base 7) to base 10.
395
What is -4 (base 10) in base 7?
-4
Convert -22 (base 11) to base 14.
-1a
Convert 110 (base 2) to base 14.
6
d3 (base 14) to base 10
185
What is -11 (base 12) in base 6?
-21
What is 2220 (base 3) in base 7?
141
23 (base 12) to base 4
123
What is -80 (base 16) in base 6?
-332
8 (base 11) to base 12
8
-133 (base 7) to base 8
-111
What is -2 (base 10) in base 7?
-2
3 (base 11) to base 9
3
Convert -3 (base 13) to base 3.
-10
13 (base 4) to base 13
7
10 (base 14) to base 2
1110
What is 0 (base 13) in base 5?
0
Convert -2f (base 16) to base 13.
-38
Convert 132 (base 7) to base 12.
60
Convert 102 (base 5) to base 12.
23
-13 (base 13) to base 9
-17
What is -42 (base 7) in base 14?
-22
Convert 101000 (base 2) to base 10.
40
Convert 10 (base 6) to base 4.
12
What is 59 (base 12) in base 16?
45
What is -3 (base 7) in base 3?
-10
-8 (base 16) to base 3
-22
What is -2 (base 11) in base 12?
-2
Convert -3 (base 11) to base 10.
-3
Convert -2 (base 8) to base 9.
-2
Convert 8 (base 15) to base 16.
8
Convert -16 (base 12) to base 11.
-17
-4 (base 8) to base 5
-4
-38 (base 9) to base 15
-25
Convert -4 (base 9) to base 15.
-4
11 (base 10) to base 5
21
What is 110 (base 10) in base 14?
7c
What is -1 (base 12) in base 3?
-1
Convert -5 (base 15) to base 10.
-5
Convert 1 (base 13) to base 7.
1
10010 (base 2) to base 14
14
Convert 22 (base 6) to base 11.
13
Convert 19 (base 16) to base 2.
11001
-4 (base 7) to base 3
-11
What is -a6 (base 13) in base 6?
-344
-11110000 (base 2) to base 4
-3300
What is -95 (base 12) in base 3?
-11012
20 (base 6) to base 2
1100
100 (base 3) to base 4
21
-1000 (base 2) to base 12
-8
-22 (base 13) to base 14
-20
What is -45 (base 10) in base 14?
-33
-2 (base 11) to base 9
-2
Convert -69 (base 11) to base 10.
-75
4 (base 14) to base 8
4
Convert -b (base 16) to base 14.
-b
-17 (base 10) to base 5
-32
What is 80 (base 14) in base 8?
160
What is -10010 (base 2) in base 15?
-13
What is 25 (base 8) in base 7?
30
3 (base 12) to base 7
3
-b (base 15) to base 4
-23
Convert -5 (base 12) to base 6.
-5
Convert -2 (base 9) to base 16.
-2
Convert 41 (base 5) to base 15.
16
-8 (base 9) to base 16
-8
Convert -367 (base 8) to base 6.
-1051
What is -1 (base 8) in base 6?
-1
What is 1 (base 11) in base 5?
1
-f9 (base 16) to base 4
-3321
Convert -15 (base 16) to base 12.
-19
What is -1111 (base 3) in base 6?
-104
1 (base 13) to base 4
1
Convert -12220 (base 3) to base 8.
-237
What is 140 (base 6) in base 10?
60
Convert 1 (base 14) to base 9.
1
111 (base 2) to base 10
7
What is 39 (base 15) in base 7?
105
What is -21 (base 15) in base 10?
-31
What is -5 (base 10) in base 2?
-101
Convert -11 (base 12) to base 3.
-111
Convert 0 (base 7) to base 13.
0
Convert -a (base 14) to base 10.
-10
Convert 7 (base 16) to base 14.
7
-1001000 (base 2) to base 16
-48
What is -36 (base 16) in base 4?
-312
200 (base 11) to base 5
1432
Convert 38 (base 9) to base 14.
27
9 (base 14) to base 8
11
-2 (base 7) to base 13
-2
Convert -8 (base 14) to base 4.
-20
25 (base 9) to base 12
1b
-5a (base 12) to base 15
-4a
2 (base 13) to base 15
2
What is 1 (base 9) in base 13?
1
What is -4 (base 12) in base 4?
-10
-58 (base 12) to base 3
-2112
114 (base 5) to base 13
28
Convert 20 (base 3) to base 10.
6
-132 (base 6) to base 9
-62
6 (base 14) to base 12
6
Convert -151 (base 8) to base 10.
-105
Convert -6 (base 8) to base 11.
-6
Convert 233 (base 5) to base 8.
104
What is -31 (base 8) in base 12?
-21
-1 (base 4) to base 14
-1
What is 12 (base 9) in base 13?
b
2 (base 7) to base 16
2
-9 (base 11) to base 3
-100
What is -18a (base 11) in base 2?
-11011011
1b (base 13) to base 4
120
Convert -3 (base 8) to base 6.
-3
Convert 8 (base 10) to base 11.
8
266 (base 7) to base 8
222
What is -25 (base 16) in base 12?
-31
What is 8b (base 15) in base 8?
203
-13 (base 10) to base 14
-d
-4 (base 9) to base 6
-4
What is 7 (base 13) in base 10?
7
What is -6 (base 13) in base 5?
-11
-51 (base 6) to base 9
-34
What is -2 (base 9) in base 2?
-10
68 (base 12) to base 2
1010000
Convert 11 (base 8) to base 2.
1001
Convert -1 (base 2) to base 5.
-1
Convert 11 (base 5) to base 15.
6
11 (base 7) to base 15
8
Convert -1 (base 6) to base 2.
-1
3 (base 11) to base 14
3
Convert -6 (base 16) to base 5.
-11
What is -62 (base 10) in base 3?
-2022
Convert 5 (base 13) to base 6.
5
220 (base 3) to base 5
44
Convert 43 (base 11) to base 6.
115
Convert -7 (base 15) to base 9.
-7
Convert 10 (base 3) to base 10.
3
Convert 3 (base 8) to base 4.
3
1222 (base 4) to base 11
97
1 (base 9) to base 15
1
Convert 1011 (base 4) to base 12.
59
-3 (base 14) to base 4
-3
a (base 15) to base 3
101
-36 (base 10) to base 16
-24
Convert -28 (base 13) to base 11.
-31
-67 (base 16) to base 12
-87
What is 2 (base 6) in base 8?
2
What is 25 (base 10) in base 5?
100
-17 (base 8) to base 10
-15
Convert 7 (base 13) to base 2.
111
What is -224 (base 11) in base 2?
-100001100
What is -7a (base 13) in base 16?
-65
What is -1103 (base 4) in base 7?
-146
b5 (base 14) to base 6
423
-5 (base 9) to base 10
-5
What is -113 (base 5) in base 12?
-29
What is -28 (base 14) in base 4?
-210
What is -26 (base 10) in base 14?
-1c
Convert 2022 (base 3) to base 12.
52
What is -10 (base 4) in base 15?
-4
1a (base 16) to base 14
1c
-21 (base 9) to base 3
-201
42 (base 7) to base 4
132
What is -102 (base 5) in base 2?
-11011
Convert -23 (base 15) to base 11.
-30
22 (base 6) to base 8
16
-45 (base 10) to base 8
-55
20 (base 4) to base 14
8
12 (base 8) to base 15
a
What is 1 (base 2) in base 3?
1
Convert 41 (base 7) to base 13.
23
Convert 130 (base 5) to base 15.
2a
Convert -111 (base 5) to base 15.
-21
25 (base 7) to base 13
16
Convert 1252 (base 6) to base 10.
320
3 (base 14) to base 2
11
-1313 (base 4) to base 10
-119
Convert 10 (base 2) to base 6.
2
10 (base 15)